 x(i) = l*v(i) + 2*s(i). Give x(4).
-3
Let l = 9 + -5. Let t = l - 0. Suppose -3*s + 14 = -t. Let w(b) = -b**3 + 6*b**2 + b. Give w(s).
6
Let m = 1 + 0. Let s(v) = 1 + m + v + 2*v**2 - 4. Let h(i) = i**3 + 4*i**2 + 3*i + 10. Let c be h(-4). Determine s(c).
4
Suppose -19*k = -18*k + 4. Let v(o) = 2*o**2 + 5*o - 4. Determine v(k).
8
Let y(x) = x**2 - 2. Let i be y(0). Let j(k) = k**3 + 2*k**2 - 2*k - 2. Let q be j(i). Let m(n) = n**q - 4 - 3*n + 6*n + 1. Give m(-3).
-3
Let q(j) = -13*j**3 - 6*j**2 + j - 9. Let t(y) = 4*y**3 + 2*y**2 + 3. Let z(d) = 2*q(d) + 7*t(d). Determine z(-2).
-9
Let d(l) = -l + 1. Let h(k) = -k**2 - 14*k - 10. Let s be h(-12). Suppose -3*j = 3*i - 9, 4*j - 7*j + s = 4*i. Determine d(i).
-4
Let a(t) = 6*t**2 + 0*t**2 + 8 + 9*t - 10*t - t**3. What is a(6)?
2
Suppose 2*d - 18 - 18 = 0. Suppose d = t + 3*k, 5*t = -0*t + 3*k. Let i(q) = q**2 - q + 3. Give i(t).
9
Let l(s) = 0 + 0*s + 0*s**2 - s**3 - 5*s**2 - 5*s + 4. Let f = 34 + -38. Calculate l(f).
8
Suppose -4*y - 16 = -20. Let n(v) = -18*v**3 - v**2 + 2*v - 1. What is n(y)?
-18
Suppose 0 = -4*o - 0*o - 16, -20 = -5*s + 5*o. Let q = 2 + s. Let c(z) = z**q + 6 - 5*z - 4 + 2 + 3*z. Calculate c(3).
7
Suppose -4*p + 58 - 6 = 0. Suppose -11 = -t + f, 5*t = -f - p + 38. Let u = 4 - t. Let s(a) = a**3 + 2*a**2 - 2*a. Calculate s(u).
4
Let m(j) = -1 + 2 - j - j. Let g be 16 + (-3)/(-1) + 0. Suppose 4*i + v = -12, 0 = i - 5*v - g + 1. What is m(i)?
5
Let a be (5 + -6)*(1 + 2). Let r(j) = -j - 2. Determine r(a).
1
Let d(f) be the second derivative of f**3/6 + f**2 - 4*f. What is d(-4)?
-2
Let n(s) be the third derivative of s**4/24 - s**2 + 31*s. Suppose 0 = -o + 2*r + 1 - 2, 0 = -o + 5*r + 2. Give n(o).
-3
Let i be (-10)/4*-9*8/(-36). Let x(a) = 2*a + 5. What is x(i)?
-5
Let z(v) = 2*v. Let n(f) = -f - 5. Let m(l) = 2*l**3 + 2*l + 1. Let g be m(-1). Let c be n(g). Calculate z(c).
-4
Let w(m) be the third derivative of -m**4/24 - m**3/6 + 2*m**2. Let v be w(-3). Let d(j) = 1 + 0*j**2 + 0*j - j - v + j**2. Give d(-1).
1
Let p be ((-20)/(-16))/(2/8)*1. Let h(v) be the third derivative of -v**4/24 - v**3/3 - 6*v**2. Determine h(p).
-7
Let u be 4/(-2) - 8 - 0. Let w(h) = -h**2 - 11*h - 12. Let s be w(u). Let c(k) = k**3 + 2*k**2 - 2*k - 3. Give c(s).
1
Let n = 2 - 6. Let z be 9/(-11) + n/22. Let y(c) = -10*c**2 - c - 1. Calculate y(z).
-10
Let i(r) = 25*r + 79. Let q(a) = -4*a - 13. Let l(m) = -6*i(m) - 34*q(m). Let s(g) = 5*g + 11. Let f(j) = 3*l(j) + 8*s(j). Calculate f(-6).
4
Let b = 86 - 83. Let t(v) = -v**3 + 4*v**2 + v - 4. Calculate t(b).
8
Let j(t) = -3*t**3 + t**2 + 3*t - 2. Suppose -5*c + 12 - 2 = 0. Let w = c + 0. Calculate j(w).
-16
Let c be (-1 - -3)*2/2. Let i be (-2)/4*-1*2. Let u(q) = c + q - i - 3*q. What is u(5)?
-9
Let i(w) = 12*w + 1. Let h be ((-3)/(-2) + 1/2)/2. Calculate i(h).
13
Suppose 3*b - 12 = -b. Let s(l) = 2*l - 11. Let y(a) = a - 6. Let i(p) = 3*s(p) - 5*y(p). Calculate i(b).
0
Let l(h) = -17*h**3 - 7*h. Suppose -2*g = -3*g + 2. Let b(t) = 3*t - 10*t**3 - 6*t + g*t**3. Let m(z) = -9*b(z) + 4*l(z). Give m(-1).
-3
Let t(i) be the first derivative of -i**4/4 - 4*i**3/3 + 9*i**2/2 + 4*i + 3. Let n be t(-6). Let x be 92/n - (-12)/(-66). Let s(h) = h - 7. Determine s(x).
-3
Let n(b) = -b**3 + b**2 - b + 5. Let a be (-8)/(-12) - (-8)/(-3). Let i be 1 + 0 + -3 - a. Calculate n(i).
5
Let j be 1*4/8*0. Let h(n) = -n**3 - n**2 - n - 5. Determine h(j).
-5
Let y(w) = -w - 7. Suppose -46 = -2*p + 2*a, 2*p = 4*a + 57 - 17. Suppose 5*n - h + 29 = 0, -n + 4*h = n + p. Calculate y(n).
-2
Suppose 0 = 5*a - 10 - 0. Suppose -j - 3 - a = -3*y, -y = -1. Let c(u) be the second derivative of -u**4/6 - u**3/3 + u**2/2 + u. Give c(j).
-3
Let c(m) = -2 + 9 + 5*m**2 + 3*m - m**3 - 9. Give c(5).
13
Suppose 4*u + 9 + 7 = 0. Let t(v) = v**3 + 9*v**2 + 4*v - 1. Let h(y) = y**2. Let n(o) = 4*h(o) - t(o). Determine n(u).
1
Let g(k) = k**2 - 14*k + 15. Let b be g(13). Let q(p) = -7*p. Let x(d) = 8*d + 1. Let h(a) = -3*q(a) - 2*x(a). What is h(b)?
8
Let f(m) = 4*m**2 + 0*m**2 - 5*m**2 + 4*m + 3. Determine f(5).
-2
Let m(w) = 2*w**3 + 8*w**2 - 4*w - 4. Let k(g) = g**3 + g. Let t(l) = l**3 - l**2 + 3*l. Let r(n) = 2*k(n) - t(n). Let x(f) = -m(f) + 3*r(f). Determine x(5).
9
Let v(u) = u**2 - 7*u - 6. Let m be v(8). Let k(r) = 1 + 0 - m*r - 1 - 1. Calculate k(-1).
1
Let a(t) = -3*t**2 - 2*t - 7. Let z(f) = -2*f**2 - 2*f - 6. Let v(b) = -4*a(b) + 5*z(b). Determine v(-2).
10
Let f(p) = p**3 - 5. Suppose -4*y = -y. Suppose y*k = -k. Suppose -5*g + g = k. Calculate f(g).
-5
Let a(m) = -m - 4. Let u be a(-2). Let v(s) = 4*s**2 + 2*s**3 - 2 + 6*s - 3*s + 4 + 0. Let r be v(u). Let b(z) = -2*z - 2. What is b(r)?
6
Let o(f) = 14*f - 7. Let v(j) = -7*j + 3. Let p(z) = 4*o(z) + 7*v(z). Suppose -3*g = -4*g - 5. Let b(s) = 6*s - 6. Let k(w) = g*p(w) + 6*b(w). Give k(-5).
-6
Let j(b) = 5*b - 1 - b + b + 0*b. Determine j(1).
4
Let w = -1 - -4. Let a(m) = -w*m + 5*m + 4*m + m. Let r be 1/(-3) + (-4)/(-3). Determine a(r).
7
Let c = 3 + -5. Let b(u) = -u**2 - u - 2. Let r be b(c). Let p(d) = d**2 + 3*d - 2. What is p(r)?
2
Let k(m) be the first derivative of m**4/2 + m**3/3 - m**2/2 + m + 9. What is k(-2)?
-9
Let g(a) = -a**2 + 2*a + 2. Let b be g(4). Let p = -6 - -9. Let x(w) = -p*w**2 - 7*w + w**2 - 2*w**2 + 3*w**2. What is x(b)?
6
Let y(u) be the third derivative of u**6/120 + u**5/10 + u**4/8 + 3*u**3/2 - u**2. Calculate y(-6).
-9
Let p be ((-110)/44)/(2/4). Let m(y) = y**2 + 5*y + 3. Give m(p).
3
Let d(a) = a - 5. Let r be -2 + (8 - (-1 + 3)). Let v(t) = t**3 - 3*t**2 - 7*t + 6. Let p be v(r). Let l be (-3)/p*-1*-10. Calculate d(l).
0
Let x(z) = -z**2 + 10*z - 5. Let t be x(9). Let p(k) = -31*k + k**2 - 34*k + 61*k. Give p(t).
0
Let j(x) = -x**2 + 8*x - 4. Let h be (-143)/(-26)*(-8)/(-2). Let k = h + -16. Determine j(k).
8
Let f(y) = -2*y + 3. Suppose 2*k = 3*s + 22 - 3, 5*s = 4*k - 33. Determine f(k).
-1
Let u(g) = g**3 - g + 1. Let w(p) = -4*p**3 - 2*p**2 + 6*p - 5. Let h(c) = -5*u(c) - w(c). Calculate h(1).
0
Let t be 57/6 + 2/4. Suppose -l + 3*l = -t. Let v(u) = u + 6. What is v(l)?
1
Suppose -a = 3*a - 8. Suppose 5*l + 25 = a*c, 3*c = -4*l - l. Let y(s) be the first derivative of s**3/3 - 3*s**2/2 - 6*s + 1. Give y(c).
4
Let d(a) = -a**2 + a - 1. Suppose -3 = -s + 3*f, -3*s + 4 = -f - 5. Suppose 3 = -5*x - n + 6, s*n = 4*x + 9. Calculate d(x).
-1
Let g(p) = 2*p**2 - 11*p - 17. Let c(v) = -v**2 + 6*v + 9. Let t = 4 + -7. Let x(o) = t*g(o) - 5*c(o). Suppose -5 = -5*w + 20. What is x(w)?
-4
Let m(g) = g**3 - g**2. Let b(l) = -l - 4. Let d be b(-6). Suppose 0 = a - 4*k + 13, 15 = -d*a + 5*k - 2. Determine m(a).
-2
Let x(l) = -2*l - 21. Let r be x(-9). Let h = 2 + 2. Let w(y) = 0 - y**2 - 5*y + 2*y + h. Calculate w(r).
4
Let v(o) = o + 1. Let m(d) = 5*d. Let h(k) = -m(k) + 4*v(k). Give h(5).
-1
Let z(l) be the second derivative of l**6/720 - l**5/15 - l**4/6 - 4*l. Let j(c) be the third derivative of z(c). Calculate j(0).
-8
Let t(f) be the second derivative of 2*f**3/3 + 7*f**2/2 - 17*f. Determine t(-5).
-13
Let h(p) = p**3 - 11*p**2 + 9. Let f be (-815)/(-75) + 8/60. Calculate h(f).
9
Let t(m) = m + 9. Suppose 4*h + 5 + 15 = 0. What is t(h)?
4
Let t(a) be the third derivative of a**5/30 + 7*a**4/24 + 2*a**3/3 + 7*a**2. Determine t(-4).
8
Let b(w) = -w + 8. Let k be b(8). Let d(u) be the third derivative of k*u + 3*u**2 + 0 - 5/24*u**4 - 1/6*u**3. Determine d(-2).
9
Suppose w - 2*j - 6 = 3*w, 2*w - 3*j = 9. Suppose o - 6 = u - 14, 2*o + 2 = w. Let q(m) = -m + u - 7. What is q(5)?
-5
Suppose -3*p - 2*p = -u + 14, 0 = -4*u - 4*p + 8. Let m(w) = -6*w + 5*w + u - 2*w + 4*w. Give m(-5).
-1
Let a(g) = g. Let l(i) = 3*i - 5. Let y(f) = -2*a(f) + l(f). Give y(0).
-5
Suppose -5*z = 16 - 1. Let u(d) be the second derivative of d**5/40 + d**4/6 - d**3/6 - d. Let g(k) be the second derivative of u(k). What is g(z)?
-5
Let i(k) = 7*k - 8*k**2 - 10 + 19*k**2 - 12*k**2. Determine i(7).
-10
Let p(u) = 3*u**3 + u**2 - 4*u - 2. Let r(b) = -2*b**3 - 2*b**2 + 3*b + 2. Let k(a) = 3*p(a) + 4*r(a). Determine k(4).
-14
Let c(x) = 2*x**2 + 5*x + 2. Let t be c(-3). Let p(d) = -d**2 + 2*d + 6*d + 0*d**2 - 2*d - 6. Calculate p(t).
-1
Let c(y) = -3*y + 5. Let h = 10 - 2. Let x be (-2)/h - 68/(-16). Calculate c(x).
-7
Let i(n) = 30*n*